{"id":32,"date":"2025-03-04T14:01:06","date_gmt":"2025-03-04T14:01:06","guid":{"rendered":"https:\/\/tepihservisnovisad.rs\/?page_id=32"},"modified":"2025-04-01T12:11:38","modified_gmt":"2025-04-01T12:11:38","slug":"contact-us","status":"publish","type":"page","link":"https:\/\/tepihservisnovisad.rs\/?page_id=32","title":{"rendered":"Kontakt"},"content":{"rendered":"\t\t<div data-elementor-type=\"wp-page\" data-elementor-id=\"32\" class=\"elementor elementor-32\" data-elementor-post-type=\"page\">\n\t\t\t\t<div class=\"elementor-element elementor-element-4d527c0 e-flex e-con-boxed wpr-particle-no wpr-jarallax-no wpr-parallax-no wpr-sticky-section-no wpr-column-slider-no wpr-equal-height-no e-con e-parent\" data-id=\"4d527c0\" data-element_type=\"container\" data-e-type=\"container\">\n\t\t\t\t\t<div class=\"e-con-inner\">\n\t\t\t\t<div class=\"elementor-element elementor-element-d3cbfd7 elementor-widget elementor-widget-spacer\" data-id=\"d3cbfd7\" data-element_type=\"widget\" data-e-type=\"widget\" data-widget_type=\"spacer.default\">\n\t\t\t\t<div class=\"elementor-widget-container\">\n\t\t\t\t\t\t\t<div class=\"elementor-spacer\">\n\t\t\t<div class=\"elementor-spacer-inner\"><\/div>\n\t\t<\/div>\n\t\t\t\t\t\t<\/div>\n\t\t\t\t<\/div>\n\t\t\t\t\t<\/div>\n\t\t\t\t<\/div>\n\t\t<div class=\"elementor-element elementor-element-0b46fcc e-flex e-con-boxed wpr-particle-no wpr-jarallax-no wpr-parallax-no wpr-sticky-section-no wpr-column-slider-no wpr-equal-height-no e-con e-parent\" data-id=\"0b46fcc\" data-element_type=\"container\" data-e-type=\"container\">\n\t\t\t\t\t<div class=\"e-con-inner\">\n\t\t<div class=\"elementor-element elementor-element-56ec7b8 e-con-full e-flex wpr-particle-no wpr-jarallax-no wpr-parallax-no wpr-sticky-section-no wpr-column-slider-no wpr-equal-height-no e-con e-child\" data-id=\"56ec7b8\" data-element_type=\"container\" data-e-type=\"container\">\n\t\t\t\t<div class=\"elementor-element elementor-element-4083a1f8 elementor-invisible elementor-widget elementor-widget-heading\" data-id=\"4083a1f8\" data-element_type=\"widget\" data-e-type=\"widget\" data-settings=\"{&quot;_animation&quot;:&quot;fadeIn&quot;}\" data-widget_type=\"heading.default\">\n\t\t\t\t<div class=\"elementor-widget-container\">\n\t\t\t\t\t<h1 class=\"elementor-heading-title elementor-size-default\">Kontaktirajte nas<\/h1>\t\t\t\t<\/div>\n\t\t\t\t<\/div>\n\t\t\t\t<div class=\"elementor-element elementor-element-6eec4499 elementor-widget elementor-widget-text-editor\" data-id=\"6eec4499\" data-element_type=\"widget\" data-e-type=\"widget\" data-widget_type=\"text-editor.default\">\n\t\t\t\t<div class=\"elementor-widget-container\">\n\t\t\t\t\t\t\t\t\t<p>Pozovite nas na neki od navedenih telefona ili nam pi\u0161ite putem Whatsapp-a!<\/p>\t\t\t\t\t\t\t\t<\/div>\n\t\t\t\t<\/div>\n\t\t\t\t<\/div>\n\t\t<div class=\"elementor-element elementor-element-68f6c77 e-con-full e-flex wpr-particle-no wpr-jarallax-no wpr-parallax-no wpr-sticky-section-no wpr-column-slider-no wpr-equal-height-no e-con e-child\" data-id=\"68f6c77\" data-element_type=\"container\" data-e-type=\"container\">\n\t\t\t\t<div class=\"elementor-element elementor-element-6124a2a4 elementor-align-center elementor-mobile-align-center elementor-icon-list--layout-traditional elementor-list-item-link-full_width elementor-widget elementor-widget-icon-list\" data-id=\"6124a2a4\" data-element_type=\"widget\" data-e-type=\"widget\" data-widget_type=\"icon-list.default\">\n\t\t\t\t<div class=\"elementor-widget-container\">\n\t\t\t\t\t\t\t<ul class=\"elementor-icon-list-items\">\n\t\t\t\t\t\t\t<li class=\"elementor-icon-list-item\">\n\t\t\t\t\t\t\t\t\t\t<span class=\"elementor-icon-list-text\"><b>Adresa:<\/b> Nikole Pa\u0161i\u010da 89, Temerin<\/span>\n\t\t\t\t\t\t\t\t\t<\/li>\n\t\t\t\t\t\t\t\t<li class=\"elementor-icon-list-item\">\n\t\t\t\t\t\t\t\t\t\t<span class=\"elementor-icon-list-text\"><b>Radno vreme:<\/b> Pon-Pet 8:00 - 16:00; Subota 08:00-14:00<\/span>\n\t\t\t\t\t\t\t\t\t<\/li>\n\t\t\t\t\t\t\t\t<li class=\"elementor-icon-list-item\">\n\t\t\t\t\t\t\t\t\t\t<span class=\"elementor-icon-list-text\"><b>Telefon: <\/b>066\/3-777-03<\/span>\n\t\t\t\t\t\t\t\t\t<\/li>\n\t\t\t\t\t\t\t\t<li class=\"elementor-icon-list-item\">\n\t\t\t\t\t\t\t\t\t\t<span class=\"elementor-icon-list-text\"><b>Telefon: <\/b>065\/3-777-023<\/span>\n\t\t\t\t\t\t\t\t\t<\/li>\n\t\t\t\t\t\t\t\t<li class=\"elementor-icon-list-item\">\n\t\t\t\t\t\t\t\t\t\t<span class=\"elementor-icon-list-text\"><b>Email:<\/b> newteam9195@gmail.com<\/span>\n\t\t\t\t\t\t\t\t\t<\/li>\n\t\t\t\t\t\t<\/ul>\n\t\t\t\t\t\t<\/div>\n\t\t\t\t<\/div>\n\t\t\t\t<\/div>\n\t\t\t\t\t<\/div>\n\t\t\t\t<\/div>\n\t\t<div class=\"elementor-element elementor-element-2696f443 e-flex e-con-boxed wpr-particle-no wpr-jarallax-no wpr-parallax-no wpr-sticky-section-no wpr-column-slider-no wpr-equal-height-no e-con e-parent\" data-id=\"2696f443\" data-element_type=\"container\" data-e-type=\"container\">\n\t\t\t\t\t<div class=\"e-con-inner\">\n\t\t<div class=\"elementor-element elementor-element-11889d7b e-con-full e-flex wpr-particle-no wpr-jarallax-no wpr-parallax-no wpr-sticky-section-no wpr-column-slider-no wpr-equal-height-no e-con e-child\" data-id=\"11889d7b\" data-element_type=\"container\" data-e-type=\"container\" data-settings=\"{&quot;background_background&quot;:&quot;classic&quot;}\">\n\t\t\t\t<div class=\"elementor-element elementor-element-de400a4 elementor-widget elementor-widget-image\" data-id=\"de400a4\" data-element_type=\"widget\" data-e-type=\"widget\" data-widget_type=\"image.default\">\n\t\t\t\t<div class=\"elementor-widget-container\">\n\t\t\t\t\t\t\t\t\t\t\t\t\t\t\t<img fetchpriority=\"high\" decoding=\"async\" width=\"738\" height=\"555\" src=\"https:\/\/tepihservisnovisad.rs\/wp-content\/uploads\/2025\/03\/d5.jpg\" class=\"attachment-1536x1536 size-1536x1536 wp-image-315\" alt=\"\" srcset=\"https:\/\/tepihservisnovisad.rs\/wp-content\/uploads\/2025\/03\/d5.jpg 738w, https:\/\/tepihservisnovisad.rs\/wp-content\/uploads\/2025\/03\/d5-300x226.jpg 300w\" sizes=\"(max-width: 738px) 100vw, 738px\" \/>\t\t\t\t\t\t\t\t\t\t\t\t\t\t\t<\/div>\n\t\t\t\t<\/div>\n\t\t\t\t<\/div>\n\t\t<div class=\"elementor-element elementor-element-6d81f5d7 e-con-full e-flex wpr-particle-no wpr-jarallax-no wpr-parallax-no wpr-sticky-section-no wpr-column-slider-no wpr-equal-height-no e-con e-child\" data-id=\"6d81f5d7\" data-element_type=\"container\" data-e-type=\"container\">\n\t\t\t\t<div class=\"elementor-element elementor-element-0bc1249 elementor-widget elementor-widget-google_maps\" data-id=\"0bc1249\" data-element_type=\"widget\" data-e-type=\"widget\" data-widget_type=\"google_maps.default\">\n\t\t\t\t<div class=\"elementor-widget-container\">\n\t\t\t\t\t\t\t<div class=\"elementor-custom-embed\">\n\t\t\t<iframe loading=\"lazy\"\n\t\t\t\t\tsrc=\"https:\/\/maps.google.com\/maps?q=Nikole%20Pa%C5%A1i%C4%87a%2089%20Temerin&#038;t=m&#038;z=12&#038;output=embed&#038;iwloc=near\"\n\t\t\t\t\ttitle=\"Nikole Pa\u0161i\u0107a 89 Temerin\"\n\t\t\t\t\taria-label=\"Nikole Pa\u0161i\u0107a 89 Temerin\"\n\t\t\t><\/iframe>\n\t\t<\/div>\n\t\t\t\t\t\t<\/div>\n\t\t\t\t<\/div>\n\t\t\t\t<\/div>\n\t\t\t\t\t<\/div>\n\t\t\t\t<\/div>\n\t\t\t\t<\/div>\n\t\t","protected":false},"excerpt":{"rendered":"<p>Kontaktirajte nas Pozovite nas na neki od navedenih telefona ili nam pi\u0161ite putem Whatsapp-a! Adresa: Nikole Pa\u0161i\u010da 89, Temerin Radno vreme: Pon-Pet 8:00 &#8211; 16:00; Subota 08:00-14:00 Telefon: 066\/3-777-03 Telefon: 065\/3-777-023 Email: newteam9195@gmail.com<\/p>\n","protected":false},"author":1,"featured_media":0,"parent":0,"menu_order":0,"comment_status":"closed","ping_status":"closed","template":"elementor_header_footer","meta":{"_acf_changed":false,"footnotes":""},"class_list":["post-32","page","type-page","status-publish","hentry","entry"],"acf":[],"yoast_head":"<!-- This site is optimized with the Yoast SEO plugin v27.6 - https:\/\/yoast.com\/product\/yoast-seo-wordpress\/ -->\n<title>Kontakt - Tepih servis Novi Sad<\/title>\n<meta name=\"robots\" content=\"index, follow, max-snippet:-1, max-image-preview:large, max-video-preview:-1\" \/>\n<link rel=\"canonical\" href=\"https:\/\/tepihservisnovisad.rs\/?page_id=32\" \/>\n<meta property=\"og:locale\" content=\"en_US\" \/>\n<meta property=\"og:type\" content=\"article\" \/>\n<meta property=\"og:title\" content=\"Kontakt - Tepih servis Novi Sad\" \/>\n<meta property=\"og:description\" content=\"Kontaktirajte nas Pozovite nas na neki od navedenih telefona ili nam pi\u0161ite putem Whatsapp-a! Adresa: Nikole Pa\u0161i\u010da 89, Temerin Radno vreme: Pon-Pet 8:00 &#8211; 16:00; Subota 08:00-14:00 Telefon: 066\/3-777-03 Telefon: 065\/3-777-023 Email: newteam9195@gmail.com\" \/>\n<meta property=\"og:url\" content=\"https:\/\/tepihservisnovisad.rs\/?page_id=32\" \/>\n<meta property=\"og:site_name\" content=\"Tepih servis Novi Sad\" \/>\n<meta property=\"article:modified_time\" content=\"2025-04-01T12:11:38+00:00\" \/>\n<meta property=\"og:image\" content=\"https:\/\/tepihservisnovisad.rs\/wp-content\/uploads\/2025\/03\/d5.jpg\" \/>\n\t<meta property=\"og:image:width\" content=\"738\" \/>\n\t<meta property=\"og:image:height\" content=\"555\" \/>\n\t<meta property=\"og:image:type\" content=\"image\/jpeg\" \/>\n<meta name=\"twitter:card\" content=\"summary_large_image\" \/>\n<script type=\"application\/ld+json\" class=\"yoast-schema-graph\">{\"@context\":\"https:\\\/\\\/schema.org\",\"@graph\":[{\"@type\":\"WebPage\",\"@id\":\"https:\\\/\\\/tepihservisnovisad.rs\\\/?page_id=32\",\"url\":\"https:\\\/\\\/tepihservisnovisad.rs\\\/?page_id=32\",\"name\":\"Kontakt - Tepih servis Novi Sad\",\"isPartOf\":{\"@id\":\"https:\\\/\\\/tepihservisnovisad.rs\\\/#website\"},\"primaryImageOfPage\":{\"@id\":\"https:\\\/\\\/tepihservisnovisad.rs\\\/?page_id=32#primaryimage\"},\"image\":{\"@id\":\"https:\\\/\\\/tepihservisnovisad.rs\\\/?page_id=32#primaryimage\"},\"thumbnailUrl\":\"https:\\\/\\\/tepihservisnovisad.rs\\\/wp-content\\\/uploads\\\/2025\\\/03\\\/d5.jpg\",\"datePublished\":\"2025-03-04T14:01:06+00:00\",\"dateModified\":\"2025-04-01T12:11:38+00:00\",\"breadcrumb\":{\"@id\":\"https:\\\/\\\/tepihservisnovisad.rs\\\/?page_id=32#breadcrumb\"},\"inLanguage\":\"en\",\"potentialAction\":[{\"@type\":\"ReadAction\",\"target\":[\"https:\\\/\\\/tepihservisnovisad.rs\\\/?page_id=32\"]}]},{\"@type\":\"ImageObject\",\"inLanguage\":\"en\",\"@id\":\"https:\\\/\\\/tepihservisnovisad.rs\\\/?page_id=32#primaryimage\",\"url\":\"https:\\\/\\\/tepihservisnovisad.rs\\\/wp-content\\\/uploads\\\/2025\\\/03\\\/d5.jpg\",\"contentUrl\":\"https:\\\/\\\/tepihservisnovisad.rs\\\/wp-content\\\/uploads\\\/2025\\\/03\\\/d5.jpg\",\"width\":738,\"height\":555,\"caption\":\"New-West-team\"},{\"@type\":\"BreadcrumbList\",\"@id\":\"https:\\\/\\\/tepihservisnovisad.rs\\\/?page_id=32#breadcrumb\",\"itemListElement\":[{\"@type\":\"ListItem\",\"position\":1,\"name\":\"Home\",\"item\":\"https:\\\/\\\/tepihservisnovisad.rs\\\/\"},{\"@type\":\"ListItem\",\"position\":2,\"name\":\"Kontakt\"}]},{\"@type\":\"WebSite\",\"@id\":\"https:\\\/\\\/tepihservisnovisad.rs\\\/#website\",\"url\":\"https:\\\/\\\/tepihservisnovisad.rs\\\/\",\"name\":\"Tepih servis Novi Sad\",\"description\":\"Dobrodosli na nas sajt!\",\"publisher\":{\"@id\":\"https:\\\/\\\/tepihservisnovisad.rs\\\/#organization\"},\"potentialAction\":[{\"@type\":\"SearchAction\",\"target\":{\"@type\":\"EntryPoint\",\"urlTemplate\":\"https:\\\/\\\/tepihservisnovisad.rs\\\/?s={search_term_string}\"},\"query-input\":{\"@type\":\"PropertyValueSpecification\",\"valueRequired\":true,\"valueName\":\"search_term_string\"}}],\"inLanguage\":\"en\"},{\"@type\":\"Organization\",\"@id\":\"https:\\\/\\\/tepihservisnovisad.rs\\\/#organization\",\"name\":\"Tepih servis Novi Sad\",\"url\":\"https:\\\/\\\/tepihservisnovisad.rs\\\/\",\"logo\":{\"@type\":\"ImageObject\",\"inLanguage\":\"en\",\"@id\":\"https:\\\/\\\/tepihservisnovisad.rs\\\/#\\\/schema\\\/logo\\\/image\\\/\",\"url\":\"https:\\\/\\\/tepihservisnovisad.rs\\\/wp-content\\\/uploads\\\/2025\\\/03\\\/new-west-plavi-png210.png\",\"contentUrl\":\"https:\\\/\\\/tepihservisnovisad.rs\\\/wp-content\\\/uploads\\\/2025\\\/03\\\/new-west-plavi-png210.png\",\"width\":210,\"height\":125,\"caption\":\"Tepih servis Novi Sad\"},\"image\":{\"@id\":\"https:\\\/\\\/tepihservisnovisad.rs\\\/#\\\/schema\\\/logo\\\/image\\\/\"},\"sameAs\":[\"https:\\\/\\\/www.instagram.com\\\/newesteam\\\/\"]}]}<\/script>\n<!-- \/ Yoast SEO plugin. -->","yoast_head_json":{"title":"Kontakt - Tepih servis Novi Sad","robots":{"index":"index","follow":"follow","max-snippet":"max-snippet:-1","max-image-preview":"max-image-preview:large","max-video-preview":"max-video-preview:-1"},"canonical":"https:\/\/tepihservisnovisad.rs\/?page_id=32","og_locale":"en_US","og_type":"article","og_title":"Kontakt - Tepih servis Novi Sad","og_description":"Kontaktirajte nas Pozovite nas na neki od navedenih telefona ili nam pi\u0161ite putem Whatsapp-a! Adresa: Nikole Pa\u0161i\u010da 89, Temerin Radno vreme: Pon-Pet 8:00 &#8211; 16:00; Subota 08:00-14:00 Telefon: 066\/3-777-03 Telefon: 065\/3-777-023 Email: newteam9195@gmail.com","og_url":"https:\/\/tepihservisnovisad.rs\/?page_id=32","og_site_name":"Tepih servis Novi Sad","article_modified_time":"2025-04-01T12:11:38+00:00","og_image":[{"width":738,"height":555,"url":"https:\/\/tepihservisnovisad.rs\/wp-content\/uploads\/2025\/03\/d5.jpg","type":"image\/jpeg"}],"twitter_card":"summary_large_image","schema":{"@context":"https:\/\/schema.org","@graph":[{"@type":"WebPage","@id":"https:\/\/tepihservisnovisad.rs\/?page_id=32","url":"https:\/\/tepihservisnovisad.rs\/?page_id=32","name":"Kontakt - Tepih servis Novi Sad","isPartOf":{"@id":"https:\/\/tepihservisnovisad.rs\/#website"},"primaryImageOfPage":{"@id":"https:\/\/tepihservisnovisad.rs\/?page_id=32#primaryimage"},"image":{"@id":"https:\/\/tepihservisnovisad.rs\/?page_id=32#primaryimage"},"thumbnailUrl":"https:\/\/tepihservisnovisad.rs\/wp-content\/uploads\/2025\/03\/d5.jpg","datePublished":"2025-03-04T14:01:06+00:00","dateModified":"2025-04-01T12:11:38+00:00","breadcrumb":{"@id":"https:\/\/tepihservisnovisad.rs\/?page_id=32#breadcrumb"},"inLanguage":"en","potentialAction":[{"@type":"ReadAction","target":["https:\/\/tepihservisnovisad.rs\/?page_id=32"]}]},{"@type":"ImageObject","inLanguage":"en","@id":"https:\/\/tepihservisnovisad.rs\/?page_id=32#primaryimage","url":"https:\/\/tepihservisnovisad.rs\/wp-content\/uploads\/2025\/03\/d5.jpg","contentUrl":"https:\/\/tepihservisnovisad.rs\/wp-content\/uploads\/2025\/03\/d5.jpg","width":738,"height":555,"caption":"New-West-team"},{"@type":"BreadcrumbList","@id":"https:\/\/tepihservisnovisad.rs\/?page_id=32#breadcrumb","itemListElement":[{"@type":"ListItem","position":1,"name":"Home","item":"https:\/\/tepihservisnovisad.rs\/"},{"@type":"ListItem","position":2,"name":"Kontakt"}]},{"@type":"WebSite","@id":"https:\/\/tepihservisnovisad.rs\/#website","url":"https:\/\/tepihservisnovisad.rs\/","name":"Tepih servis Novi Sad","description":"Dobrodosli na nas sajt!","publisher":{"@id":"https:\/\/tepihservisnovisad.rs\/#organization"},"potentialAction":[{"@type":"SearchAction","target":{"@type":"EntryPoint","urlTemplate":"https:\/\/tepihservisnovisad.rs\/?s={search_term_string}"},"query-input":{"@type":"PropertyValueSpecification","valueRequired":true,"valueName":"search_term_string"}}],"inLanguage":"en"},{"@type":"Organization","@id":"https:\/\/tepihservisnovisad.rs\/#organization","name":"Tepih servis Novi Sad","url":"https:\/\/tepihservisnovisad.rs\/","logo":{"@type":"ImageObject","inLanguage":"en","@id":"https:\/\/tepihservisnovisad.rs\/#\/schema\/logo\/image\/","url":"https:\/\/tepihservisnovisad.rs\/wp-content\/uploads\/2025\/03\/new-west-plavi-png210.png","contentUrl":"https:\/\/tepihservisnovisad.rs\/wp-content\/uploads\/2025\/03\/new-west-plavi-png210.png","width":210,"height":125,"caption":"Tepih servis Novi Sad"},"image":{"@id":"https:\/\/tepihservisnovisad.rs\/#\/schema\/logo\/image\/"},"sameAs":["https:\/\/www.instagram.com\/newesteam\/"]}]}},"_links":{"self":[{"href":"https:\/\/tepihservisnovisad.rs\/index.php?rest_route=\/wp\/v2\/pages\/32","targetHints":{"allow":["GET"]}}],"collection":[{"href":"https:\/\/tepihservisnovisad.rs\/index.php?rest_route=\/wp\/v2\/pages"}],"about":[{"href":"https:\/\/tepihservisnovisad.rs\/index.php?rest_route=\/wp\/v2\/types\/page"}],"author":[{"embeddable":true,"href":"https:\/\/tepihservisnovisad.rs\/index.php?rest_route=\/wp\/v2\/users\/1"}],"replies":[{"embeddable":true,"href":"https:\/\/tepihservisnovisad.rs\/index.php?rest_route=%2Fwp%2Fv2%2Fcomments&post=32"}],"version-history":[{"count":74,"href":"https:\/\/tepihservisnovisad.rs\/index.php?rest_route=\/wp\/v2\/pages\/32\/revisions"}],"predecessor-version":[{"id":1551,"href":"https:\/\/tepihservisnovisad.rs\/index.php?rest_route=\/wp\/v2\/pages\/32\/revisions\/1551"}],"wp:attachment":[{"href":"https:\/\/tepihservisnovisad.rs\/index.php?rest_route=%2Fwp%2Fv2%2Fmedia&parent=32"}],"curies":[{"name":"wp","href":"https:\/\/api.w.org\/{rel}","templated":true}]}}